{"id":24646,"date":"2023-10-26T13:58:16","date_gmt":"2023-10-26T10:58:16","guid":{"rendered":"https:\/\/ensiturva.fi\/?post_type=product&#038;p=24646"},"modified":"2026-03-26T14:24:54","modified_gmt":"2026-03-26T11:24:54","slug":"kalsiumglukonaattigeeli","status":"publish","type":"product","link":"https:\/\/ensiturva.fi\/index.php\/product\/kalsiumglukonaattigeeli\/","title":{"rendered":"Kalsiumglukonaattigeeli 500g purkki"},"content":{"rendered":"<p>Geelimuoto mahdollistaa helpon levitt\u00e4misen ja imeytymisen ihon pinnalle, mik\u00e4 nopeuttaa kalsiumin saantia altistuneille alueille. Kalsiumglukonaattigeeli\u00e4 voidaan k\u00e4ytt\u00e4\u00e4 h\u00e4t\u00e4tilanteissa ensiapuna kemiallisiin palovammoihin tai ihokosketukseen \u00e4rsytt\u00e4vien aineiden kanssa. On t\u00e4rke\u00e4\u00e4 k\u00e4ytt\u00e4\u00e4 kalsiumglukonaattigeeli\u00e4 valmistajan ohjeiden mukaisesti ja hakeutua aina ammattilaisen hoitoon vakavissa tapauksissa.<\/p>\n","protected":false},"excerpt":{"rendered":"<p>Geelimuoto mahdollistaa helpon levitt\u00e4misen ja imeytymisen ihon pinnalle, mik\u00e4 nopeuttaa kalsiumin saantia altistuneille alueille. Kalsiumglukonaattigeeli\u00e4 voidaan k\u00e4ytt\u00e4\u00e4 h\u00e4t\u00e4tilanteissa ensiapuna kemiallisiin palovammoihin tai ihokosketukseen \u00e4rsytt\u00e4vien aineiden kanssa. On t\u00e4rke\u00e4\u00e4 k\u00e4ytt\u00e4\u00e4 kalsiumglukonaattigeeli\u00e4 valmistajan ohjeiden mukaisesti ja hakeutua aina ammattilaisen hoitoon vakavissa tapauksissa.<\/p>\n","protected":false},"featured_media":24736,"template":"","meta":{"_et_pb_use_builder":"","_et_pb_old_content":"","_et_gb_content_width":""},"product_brand":[],"product_cat":[31],"product_tag":[61],"class_list":{"0":"post-24646","1":"product","2":"type-product","3":"status-publish","4":"has-post-thumbnail","6":"product_cat-kalsiumglukonaattikeelit","7":"product_tag-kalsiumglukonaattigeeli","9":"first","10":"instock","11":"taxable","12":"shipping-taxable","13":"purchasable","14":"product-type-simple"},"tiered_pricing_type":"fixed","tiered_pricing_fixed_rules":[],"tiered_pricing_product_settings":{"layout":"default","base_unit_name":{"singular":null,"plural":null},"default_variation":null},"tiered_pricing_minimum_quantity":null,"tiered_pricing_roles_data":[],"tiered_pricing_percentage_rules":[],"_links":{"self":[{"href":"https:\/\/ensiturva.fi\/index.php\/wp-json\/wp\/v2\/product\/24646","targetHints":{"allow":["GET"]}}],"collection":[{"href":"https:\/\/ensiturva.fi\/index.php\/wp-json\/wp\/v2\/product"}],"about":[{"href":"https:\/\/ensiturva.fi\/index.php\/wp-json\/wp\/v2\/types\/product"}],"wp:featuredmedia":[{"embeddable":true,"href":"https:\/\/ensiturva.fi\/index.php\/wp-json\/wp\/v2\/media\/24736"}],"wp:attachment":[{"href":"https:\/\/ensiturva.fi\/index.php\/wp-json\/wp\/v2\/media?parent=24646"}],"wp:term":[{"taxonomy":"product_brand","embeddable":true,"href":"https:\/\/ensiturva.fi\/index.php\/wp-json\/wp\/v2\/product_brand?post=24646"},{"taxonomy":"product_cat","embeddable":true,"href":"https:\/\/ensiturva.fi\/index.php\/wp-json\/wp\/v2\/product_cat?post=24646"},{"taxonomy":"product_tag","embeddable":true,"href":"https:\/\/ensiturva.fi\/index.php\/wp-json\/wp\/v2\/product_tag?post=24646"}],"curies":[{"name":"wp","href":"https:\/\/api.w.org\/{rel}","templated":true}]}}