{"id":25165,"date":"2025-01-16T11:20:51","date_gmt":"2025-01-16T08:20:51","guid":{"rendered":"https:\/\/ensiturva.fi\/index.php\/product\/medical-care-silmahuuhde\/"},"modified":"2026-03-03T13:23:00","modified_gmt":"2026-03-03T10:23:00","slug":"medical-care-silmahuuhde","status":"publish","type":"product","link":"https:\/\/ensiturva.fi\/index.php\/product\/medical-care-silmahuuhde\/","title":{"rendered":"Medical Care silm?huuhde"},"content":{"rendered":"<p>Silm\u00e4nhuuhtelupullo, jossa on silm\u00e4kuppi, tarkoitettu p\u00f6lyn ja hiukkasten poistamiseen silmist\u00e4 sek\u00e4 haavojen puhdistukseen.<\/p>\n","protected":false},"excerpt":{"rendered":"<p>Silm\u00e4nhuuhtelupullo, jossa on silm\u00e4kuppi, tarkoitettu p\u00f6lyn ja hiukkasten poistamiseen silmist\u00e4 sek\u00e4 haavojen puhdistukseen.<\/p>\n","protected":false},"featured_media":25217,"template":"","meta":{"_et_pb_use_builder":"","_et_pb_old_content":"","_et_gb_content_width":""},"product_brand":[],"product_cat":[44],"product_tag":[53,67],"class_list":{"0":"post-25165","1":"product","2":"type-product","3":"status-publish","4":"has-post-thumbnail","6":"product_cat-ensiaputarvikkeet","7":"product_tag-ensiaputarvikkeet","8":"product_tag-silmhuuhde","10":"first","11":"instock","12":"taxable","13":"shipping-taxable","14":"purchasable","15":"product-type-simple"},"tiered_pricing_type":"fixed","tiered_pricing_fixed_rules":[],"tiered_pricing_product_settings":{"layout":"default","base_unit_name":{"singular":null,"plural":null},"default_variation":null},"tiered_pricing_minimum_quantity":null,"tiered_pricing_roles_data":[],"tiered_pricing_percentage_rules":[],"_links":{"self":[{"href":"https:\/\/ensiturva.fi\/index.php\/wp-json\/wp\/v2\/product\/25165","targetHints":{"allow":["GET"]}}],"collection":[{"href":"https:\/\/ensiturva.fi\/index.php\/wp-json\/wp\/v2\/product"}],"about":[{"href":"https:\/\/ensiturva.fi\/index.php\/wp-json\/wp\/v2\/types\/product"}],"wp:featuredmedia":[{"embeddable":true,"href":"https:\/\/ensiturva.fi\/index.php\/wp-json\/wp\/v2\/media\/25217"}],"wp:attachment":[{"href":"https:\/\/ensiturva.fi\/index.php\/wp-json\/wp\/v2\/media?parent=25165"}],"wp:term":[{"taxonomy":"product_brand","embeddable":true,"href":"https:\/\/ensiturva.fi\/index.php\/wp-json\/wp\/v2\/product_brand?post=25165"},{"taxonomy":"product_cat","embeddable":true,"href":"https:\/\/ensiturva.fi\/index.php\/wp-json\/wp\/v2\/product_cat?post=25165"},{"taxonomy":"product_tag","embeddable":true,"href":"https:\/\/ensiturva.fi\/index.php\/wp-json\/wp\/v2\/product_tag?post=25165"}],"curies":[{"name":"wp","href":"https:\/\/api.w.org\/{rel}","templated":true}]}}