{"id":25179,"date":"2025-01-16T11:21:04","date_gmt":"2025-01-16T08:21:04","guid":{"rendered":"https:\/\/ensiturva.fi\/index.php\/product\/suojaleikkuri-s-cut-qe\/"},"modified":"2026-03-04T13:33:34","modified_gmt":"2026-03-04T10:33:34","slug":"suojaleikkuri-s-cut-qe","status":"publish","type":"product","link":"https:\/\/ensiturva.fi\/index.php\/product\/suojaleikkuri-s-cut-qe\/","title":{"rendered":"S-CUT turvaleikkuri QE"},"content":{"rendered":"<p>Kemiallisissa onnettomuuksissa jokainen sekunti on ratkaiseva. S\u00e4\u00e4st\u00e4\u00e4ksemme viel\u00e4 enemm\u00e4n aikaa olemme lis\u00e4nneet valikoimaamme edullisen ja eritt\u00e4in tehokkaan S-CUT-leikkurin, jonka avulla saastuneet vaatteet voidaan poistaa nopeasti ja turvallisesti.<\/p>\n","protected":false},"excerpt":{"rendered":"<p>Kemiallisissa onnettomuuksissa jokainen sekunti on ratkaiseva. S\u00e4\u00e4st\u00e4\u00e4ksemme viel\u00e4 enemm\u00e4n aikaa olemme lis\u00e4nneet valikoimaamme edullisen ja eritt\u00e4in tehokkaan S-CUT-leikkurin, jonka avulla saastuneet vaatteet voidaan poistaa nopeasti ja turvallisesti.<\/p>\n","protected":false},"featured_media":25209,"template":"","meta":{"_et_pb_use_builder":"","_et_pb_old_content":"","_et_gb_content_width":""},"product_brand":[],"product_cat":[43,18,22],"product_tag":[59],"class_list":{"0":"post-25179","1":"product","2":"type-product","3":"status-publish","4":"has-post-thumbnail","6":"product_cat-oheistuotteet","7":"product_cat-diphoterine","8":"product_cat-hexafluorine","9":"product_tag-leikkuri","11":"first","12":"instock","13":"taxable","14":"shipping-taxable","15":"purchasable","16":"product-type-simple"},"tiered_pricing_type":"fixed","tiered_pricing_fixed_rules":{"3":45,"5":40,"8":35},"tiered_pricing_product_settings":{"layout":"default","base_unit_name":{"singular":null,"plural":null},"default_variation":null},"tiered_pricing_minimum_quantity":null,"tiered_pricing_roles_data":[],"tiered_pricing_percentage_rules":[],"_links":{"self":[{"href":"https:\/\/ensiturva.fi\/index.php\/wp-json\/wp\/v2\/product\/25179","targetHints":{"allow":["GET"]}}],"collection":[{"href":"https:\/\/ensiturva.fi\/index.php\/wp-json\/wp\/v2\/product"}],"about":[{"href":"https:\/\/ensiturva.fi\/index.php\/wp-json\/wp\/v2\/types\/product"}],"wp:featuredmedia":[{"embeddable":true,"href":"https:\/\/ensiturva.fi\/index.php\/wp-json\/wp\/v2\/media\/25209"}],"wp:attachment":[{"href":"https:\/\/ensiturva.fi\/index.php\/wp-json\/wp\/v2\/media?parent=25179"}],"wp:term":[{"taxonomy":"product_brand","embeddable":true,"href":"https:\/\/ensiturva.fi\/index.php\/wp-json\/wp\/v2\/product_brand?post=25179"},{"taxonomy":"product_cat","embeddable":true,"href":"https:\/\/ensiturva.fi\/index.php\/wp-json\/wp\/v2\/product_cat?post=25179"},{"taxonomy":"product_tag","embeddable":true,"href":"https:\/\/ensiturva.fi\/index.php\/wp-json\/wp\/v2\/product_tag?post=25179"}],"curies":[{"name":"wp","href":"https:\/\/api.w.org\/{rel}","templated":true}]}}