{"id":25181,"date":"2025-01-16T11:21:05","date_gmt":"2025-01-16T08:21:05","guid":{"rendered":"https:\/\/ensiturva.fi\/index.php\/product\/lampokaappi-dap-5l-alumiinia-sahkolammityksella-24v-230v\/"},"modified":"2026-03-10T11:27:05","modified_gmt":"2026-03-10T08:27:05","slug":"lampokaappi-dap-5l-alumiinia-sahkolammityksella-24v-230v","status":"publish","type":"product","link":"https:\/\/ensiturva.fi\/index.php\/product\/lampokaappi-dap-5l-alumiinia-sahkolammityksella-24v-230v\/","title":{"rendered":"L\u00e4mp\u00f6kaappi alumiini DAP 5L Diphoterine (s\u00e4hk\u00f6l\u00e4mmityksell\u00e4 24V \/ 230V)"},"content":{"rendered":"","protected":false},"excerpt":{"rendered":"","protected":false},"featured_media":0,"template":"","meta":{"_et_pb_use_builder":"","_et_pb_old_content":"","_et_gb_content_width":""},"product_brand":[],"product_cat":[30,18,22],"product_tag":[19],"class_list":{"0":"post-25181","1":"product","2":"type-product","3":"status-publish","5":"product_cat-suojakaapit","6":"product_cat-diphoterine","7":"product_cat-hexafluorine","8":"product_tag-diphoterine","10":"first","11":"instock","12":"taxable","13":"shipping-taxable","14":"purchasable","15":"product-type-simple"},"tiered_pricing_type":"fixed","tiered_pricing_fixed_rules":{"2":1400,"4":1250,"6":1150,"8":985},"tiered_pricing_product_settings":{"layout":"default","base_unit_name":{"singular":null,"plural":null},"default_variation":null},"tiered_pricing_minimum_quantity":null,"tiered_pricing_roles_data":[],"tiered_pricing_percentage_rules":[],"_links":{"self":[{"href":"https:\/\/ensiturva.fi\/index.php\/wp-json\/wp\/v2\/product\/25181","targetHints":{"allow":["GET"]}}],"collection":[{"href":"https:\/\/ensiturva.fi\/index.php\/wp-json\/wp\/v2\/product"}],"about":[{"href":"https:\/\/ensiturva.fi\/index.php\/wp-json\/wp\/v2\/types\/product"}],"wp:attachment":[{"href":"https:\/\/ensiturva.fi\/index.php\/wp-json\/wp\/v2\/media?parent=25181"}],"wp:term":[{"taxonomy":"product_brand","embeddable":true,"href":"https:\/\/ensiturva.fi\/index.php\/wp-json\/wp\/v2\/product_brand?post=25181"},{"taxonomy":"product_cat","embeddable":true,"href":"https:\/\/ensiturva.fi\/index.php\/wp-json\/wp\/v2\/product_cat?post=25181"},{"taxonomy":"product_tag","embeddable":true,"href":"https:\/\/ensiturva.fi\/index.php\/wp-json\/wp\/v2\/product_tag?post=25181"}],"curies":[{"name":"wp","href":"https:\/\/api.w.org\/{rel}","templated":true}]}}