{"id":25191,"date":"2025-01-16T11:21:26","date_gmt":"2025-01-16T08:21:26","guid":{"rendered":"https:\/\/ensiturva.fi\/index.php\/product\/diphoterine-lammin-huuhteluasema-prevor-2\/"},"modified":"2026-03-04T13:38:55","modified_gmt":"2026-03-04T10:38:55","slug":"diphoterine-lammin-huuhteluasema-prevor-2","status":"publish","type":"product","link":"https:\/\/ensiturva.fi\/index.php\/product\/diphoterine-lammin-huuhteluasema-prevor-2\/","title":{"rendered":"Diphoterine l\u00e4mmin huuhteluasema (230V\/12V)"},"content":{"rendered":"<p>Sein\u00e4\u00e4n kiinnitett\u00e4v\u00e4 l\u00e4mmitett\u00e4v\u00e4 alumiinilaukku, suunniteltu l\u00e4mmitt\u00e4m\u00e4tt\u00f6miin tiloihin tai ulkok\u00e4ytt\u00f6\u00f6n. Asemassa on 2 kpl Diphoterine 500 ml pulloja ja 2 kpl Diphoterine 200 ml minisprayta. 12V l\u00e4mmityselementti ja adapteri 230V pistorasiaan. Mukana tulee silm\u00e4suihkukyltti.<\/p>\n","protected":false},"excerpt":{"rendered":"<p>Sein\u00e4\u00e4n kiinnitett\u00e4v\u00e4 l\u00e4mmitett\u00e4v\u00e4 alumiinilaukku, suunniteltu l\u00e4mmitt\u00e4m\u00e4tt\u00f6miin tiloihin tai ulkok\u00e4ytt\u00f6\u00f6n. Asemassa on 2 kpl Diphoterine 500 ml pulloja ja 2 kpl Diphoterine 200 ml minisprayta. 12V l\u00e4mmityselementti ja adapteri 230V pistorasiaan. Mukana tulee silm\u00e4suihkukyltti.<\/p>\n","protected":false},"featured_media":25198,"template":"","meta":{"_et_pb_use_builder":"","_et_pb_old_content":"","_et_gb_content_width":""},"product_brand":[],"product_cat":[18,30],"product_tag":[19],"class_list":{"0":"post-25191","1":"product","2":"type-product","3":"status-publish","4":"has-post-thumbnail","6":"product_cat-diphoterine","7":"product_cat-suojakaapit","8":"product_tag-diphoterine","10":"first","11":"instock","12":"taxable","13":"shipping-taxable","14":"purchasable","15":"product-type-simple"},"tiered_pricing_type":"fixed","tiered_pricing_fixed_rules":{"2":1365,"4":1235,"6":1110,"8":980},"tiered_pricing_product_settings":{"layout":"default","base_unit_name":{"singular":null,"plural":null},"default_variation":null},"tiered_pricing_minimum_quantity":null,"tiered_pricing_roles_data":[],"tiered_pricing_percentage_rules":[],"_links":{"self":[{"href":"https:\/\/ensiturva.fi\/index.php\/wp-json\/wp\/v2\/product\/25191","targetHints":{"allow":["GET"]}}],"collection":[{"href":"https:\/\/ensiturva.fi\/index.php\/wp-json\/wp\/v2\/product"}],"about":[{"href":"https:\/\/ensiturva.fi\/index.php\/wp-json\/wp\/v2\/types\/product"}],"wp:featuredmedia":[{"embeddable":true,"href":"https:\/\/ensiturva.fi\/index.php\/wp-json\/wp\/v2\/media\/25198"}],"wp:attachment":[{"href":"https:\/\/ensiturva.fi\/index.php\/wp-json\/wp\/v2\/media?parent=25191"}],"wp:term":[{"taxonomy":"product_brand","embeddable":true,"href":"https:\/\/ensiturva.fi\/index.php\/wp-json\/wp\/v2\/product_brand?post=25191"},{"taxonomy":"product_cat","embeddable":true,"href":"https:\/\/ensiturva.fi\/index.php\/wp-json\/wp\/v2\/product_cat?post=25191"},{"taxonomy":"product_tag","embeddable":true,"href":"https:\/\/ensiturva.fi\/index.php\/wp-json\/wp\/v2\/product_tag?post=25191"}],"curies":[{"name":"wp","href":"https:\/\/api.w.org\/{rel}","templated":true}]}}